highest common divisor of 8 and 233280.
8
Calculate the highest common divisor of 43005 and 15.
15
Calculate the highest common factor of 4668 and 5351862.
2334
Calculate the highest common divisor of 4608 and 1791.
9
What is the greatest common divisor of 1248 and 10032?
48
Calculate the highest common divisor of 45672 and 744.
24
Calculate the highest common divisor of 210 and 47110.
70
What is the highest common factor of 1275 and 1326?
51
Calculate the greatest common divisor of 684 and 78508.
76
What is the highest common factor of 405 and 64341?
27
What is the greatest common divisor of 1323 and 9765?
63
What is the greatest common factor of 10375 and 332?
83
Calculate the greatest common divisor of 13268 and 651.
31
Calculate the greatest common divisor of 6906 and 6.
6
Calculate the greatest common divisor of 1365 and 510900.
195
Calculate the greatest common divisor of 26 and 8125.
13
What is the highest common divisor of 84850 and 50?
50
What is the highest common factor of 180 and 8244?
36
Calculate the greatest common factor of 345 and 62123.
23
What is the highest common factor of 394212 and 11571?
399
Calculate the highest common factor of 23318 and 1834.
262
What is the greatest common divisor of 271728 and 141858?
1998
Calculate the highest common divisor of 9075 and 44660.
55
Calculate the greatest common factor of 162360 and 180.
180
Calculate the highest common divisor of 9 and 110619.
9
What is the highest common divisor of 16 and 3222536?
8
Calculate the highest common divisor of 5469100 and 91.
91
What is the highest common factor of 88 and 56?
8
Calculate the highest common factor of 13 and 4844086.
13
Calculate the highest common factor of 49629 and 1491.
213
Calculate the greatest common factor of 15 and 25005.
15
Calculate the highest common factor of 74240 and 10.
10
What is the highest common divisor of 6750663 and 159?
159
What is the highest common factor of 41 and 702617?
41
What is the greatest common divisor of 558367 and 37?
37
What is the greatest common factor of 140904 and 18696?
456
What is the highest common factor of 1554 and 2688?
42
What is the greatest common factor of 983004 and 66?
66
What is the greatest common factor of 2369 and 63139?
103
Calculate the highest common divisor of 3171 and 12642.
21
Calculate the highest common factor of 74 and 152699.
37
What is the greatest common divisor of 18351 and 261?
9
Calculate the highest common divisor of 616689 and 63.
9
What is the highest common divisor of 2718118 and 338?
26
Calculate the highest common divisor of 740 and 3620.
20
What is the highest common divisor of 35 and 25817435?
35
Calculate the highest common divisor of 229183 and 589.
31
Calculate the highest common divisor of 2482 and 646.
34
Calculate the greatest common factor of 16 and 1314608.
16
What is the greatest common divisor of 480 and 586680?
120
What is the greatest common divisor of 666 and 337921?
37
Calculate the greatest common divisor of 4071 and 27600.
69
Calculate the highest common factor of 60 and 1357410.
30
What is the greatest common divisor of 517338 and 246?
246
What is the highest common factor of 72 and 3233448?
72
What is the highest common factor of 143 and 1771?
11
Calculate the highest common divisor of 744 and 15480.
24
What is the greatest common factor of 270 and 5145?
15
Calculate the greatest common divisor of 21470 and 3610.
190
Calculate the greatest common divisor of 9509 and 33667.
257
What is the highest common divisor of 8469 and 648?
9
Calculate the greatest common factor of 1298 and 622.
2
Calculate the highest common factor of 62 and 43462.
62
What is the greatest common factor of 3000665 and 365?
365
Calculate the highest common divisor of 22 and 797038.
22
Calculate the highest common divisor of 288 and 52776.
72
Calculate the highest common factor of 14233 and 19860.
331
What is the highest common factor of 49795 and 460?
115
What is the highest common divisor of 34789 and 38?
19
What is the highest common factor of 48 and 9276?
12
Calculate the highest common divisor of 37216 and 2656.
32
Calculate the greatest common factor of 216970 and 650.
130
What is the highest common factor of 153900 and 200?
100
What is the highest common divisor of 13 and 35971?
13
Calculate the greatest common divisor of 240578 and 190.
38
Calculate the highest common factor of 231 and 15862.
77
What is the greatest common factor of 423 and 23453?
47
What is the greatest common factor of 3194 and 75?
1
Calculate the greatest common divisor of 6295704 and 48.
24
Calculate the highest common divisor of 6111 and 779492.
679
Calculate the greatest common factor of 35532 and 70.
14
Calculate the greatest common divisor of 350491 and 757.
757
What is the greatest common factor of 8170 and 1330?
190
Calculate the highest common divisor of 42368 and 256.
128
Calculate the highest common factor of 864 and 2616.
24
What is the greatest common factor of 363328 and 56?
56
What is the highest common factor of 3663 and 231583?
407
What is the highest common factor of 1346516 and 496?
124
Calculate the highest common divisor of 4155 and 2286635.
1385
Calculate the highest common divisor of 2142 and 2692018.
238
Calculate the greatest common divisor of 675 and 75501.
9
Calculate the greatest common divisor of 924500 and 80.
20
Calculate the highest common divisor of 15799 and 610.
61
Calculate the greatest common divisor of 25155 and 438815.
2795
What is the highest common divisor of 12 and 28948?
4
Calculate the greatest common factor of 77588 and 1232.
28
What is the greatest common divisor of 47922 and 1176?
294
Calculate the highest common divisor of 2026 and 126.
2
What is the greatest common divisor of 187 and 15697?
11
Calculate the highest common divisor of 9 and 51549.
3
What is the highest common factor of 50179 and 4332?
361
What is the highest common factor of 8450 and 197600?
650
Calculate the greatest common factor of 2744 and 77336.
56
Calculate the highest common divisor of 88396 and 410.
82
What is the greatest common factor of 198 and 73524?
66
Calculate the greatest common factor of 12529 and 47685.
187
Calculate the highest common factor of 6116 and 321368.
556
Calculate the highest common factor of 1500 and 1050.
150
Calculate the highest common factor of 16370 and 150.
10
What is the greatest common factor of 21 and 757491?
21
Calculate the highest common factor of 89956 and 430.
86
Calculate the greatest common factor of 207 and 25277.
23
What is the highest common divisor of 1891 and 49879?
31
Calculate the greatest common factor of 435 and 179568.
87
What is the greatest common divisor of 383628 and 21?
21
What is the greatest common divisor of 106 and 11872?
106
What is the highest common divisor of 39 and 81?
3
What is the greatest common divisor of 302449 and 7?
7
What is the highest common factor of 2201 and 42222?
31
What is the highest common divisor of 191860 and 84?
4
Calculate the greatest common factor of 170464 and 672.
224
Calculate the highest common factor of 1230834 and 102.
102
What is the highest common factor of 164648 and 66?
22
What is the greatest common factor of 1436 and 523781?
359
What is the greatest common factor of 2232 and 5922?
18
What is the greatest common divisor of 16956 and 1296?
108
Calculate the highest common factor of 28086 and 23250.
186
Calculate the greatest common divisor of 276 and 5727.
69
Calculate the greatest common factor of 351216 and 324.
324
What is the greatest common factor of 852530 and 76?
38
What is the highest common divisor of 4080 and 140420?
340
What is the highest common factor of 1044 and 210076?
116
What is the highest common divisor of 6048 and 1232?
112
Calculate the greatest common divisor of 60684 and 6266.
26
What is the highest common factor of 3690 and 2250?
90
Calculate the greatest common factor of 155106 and 5166.
126
What is the greatest common factor of 336 and 652624?
112
Calculate the highest common factor of 68736 and 537.
537
What is the highest common divisor of 303646 and 28?
14
Calculate the highest common divisor of 6504 and 264.
24
What is the greatest common divisor of 1476 and 193068?
36
Calculate the greatest common factor of 245420 and 1400.
140
Calculate the highe